{"id":539,"date":"2025-10-30T18:05:15","date_gmt":"2025-10-30T21:05:15","guid":{"rendered":"https:\/\/aleasul.com.br\/vs03\/index.php\/product\/grelhas-9\/"},"modified":"2025-11-11T15:58:58","modified_gmt":"2025-11-11T18:58:58","slug":"grelhas-9","status":"publish","type":"product","link":"http:\/\/aleasul.com.br\/vs03\/product\/grelhas-9\/","title":{"rendered":"Grelha Passarela 350 x 1000 x 35"},"content":{"rendered":"<h4 class=\"dotted\">Resist\u00eancia 25.000Kg<\/h4>\n","protected":false},"excerpt":{"rendered":"<p>Medidas: <span class=\"important-title green\">A<\/span> <span>350 x 1000mm | <\/span><span class=\"important-title green\">B<\/span> <span>35mm<\/span><br \/>\nn<br \/>\nnA <strong>Fundi\u00e7\u00e3o Alea<\/strong> destaca-se na fabrica\u00e7\u00e3o de produtos em ferro fundido nodular, atendendo o mercado de pe\u00e7as automotivas, telefonia, saneamento b\u00e1sico, conex\u00f5es e pe\u00e7as sob encomenda em geral.<\/p>\n","protected":false},"featured_media":540,"comment_status":"open","ping_status":"closed","template":"","meta":[],"product_brand":[],"product_cat":[26],"product_tag":[30,44,32,57,53,34,43,35,45,46,38],"class_list":{"0":"post-539","1":"product","2":"type-product","3":"status-publish","4":"has-post-thumbnail","6":"product_cat-grelhas","7":"product_tag-alea","8":"product_tag-canal-polimero","9":"product_tag-canoas","10":"product_tag-classe-kn","11":"product_tag-esgoto-pluvial","12":"product_tag-ferro-fundido","13":"product_tag-fundicao","14":"product_tag-fundicao-alea","15":"product_tag-grelhas","16":"product_tag-linha-sk","17":"product_tag-rs","19":"first","20":"instock","21":"shipping-taxable","22":"purchasable","23":"product-type-simple"},"_links":{"self":[{"href":"http:\/\/aleasul.com.br\/vs03\/wp-json\/wp\/v2\/product\/539","targetHints":{"allow":["GET"]}}],"collection":[{"href":"http:\/\/aleasul.com.br\/vs03\/wp-json\/wp\/v2\/product"}],"about":[{"href":"http:\/\/aleasul.com.br\/vs03\/wp-json\/wp\/v2\/types\/product"}],"replies":[{"embeddable":true,"href":"http:\/\/aleasul.com.br\/vs03\/wp-json\/wp\/v2\/comments?post=539"}],"wp:featuredmedia":[{"embeddable":true,"href":"http:\/\/aleasul.com.br\/vs03\/wp-json\/wp\/v2\/media\/540"}],"wp:attachment":[{"href":"http:\/\/aleasul.com.br\/vs03\/wp-json\/wp\/v2\/media?parent=539"}],"wp:term":[{"taxonomy":"product_brand","embeddable":true,"href":"http:\/\/aleasul.com.br\/vs03\/wp-json\/wp\/v2\/product_brand?post=539"},{"taxonomy":"product_cat","embeddable":true,"href":"http:\/\/aleasul.com.br\/vs03\/wp-json\/wp\/v2\/product_cat?post=539"},{"taxonomy":"product_tag","embeddable":true,"href":"http:\/\/aleasul.com.br\/vs03\/wp-json\/wp\/v2\/product_tag?post=539"}],"curies":[{"name":"wp","href":"https:\/\/api.w.org\/{rel}","templated":true}]}}